{"id":50,"date":"2020-12-15T11:32:19","date_gmt":"2020-12-15T10:32:19","guid":{"rendered":"http:\/\/dev.imj-prg.fr\/acg\/?page_id=50"},"modified":"2026-01-05T11:48:16","modified_gmt":"2026-01-05T10:48:16","slug":"accueil","status":"publish","type":"page","link":"https:\/\/www.imj-prg.fr\/acg\/","title":{"rendered":"Accueil"},"content":{"rendered":"\n<div class=\"wp-block-columns is-layout-flex wp-container-core-columns-is-layout-9d6595d7 wp-block-columns-is-layout-flex\">\n<div class=\"wp-block-column is-layout-flow wp-block-column-is-layout-flow\" style=\"flex-basis:25%\">\n<figure class=\"wp-block-image size-large\"><a href=\"https:\/\/www.imj-prg.fr\/acg\/wp-content\/uploads\/sites\/3\/2020\/12\/poster-acg.pdf\"><img decoding=\"async\" src=\"https:\/\/www.imj-prg.fr\/acg\/wp-content\/uploads\/sites\/3\/2020\/12\/poster-acg.png\" alt=\"\" \/><\/a><\/figure>\n<\/div>\n\n\n\n<div class=\"wp-block-column is-layout-flow wp-block-column-is-layout-flow\" style=\"flex-basis:50%\">\n<div class=\"wp-block-columns is-layout-flex wp-container-core-columns-is-layout-9d6595d7 wp-block-columns-is-layout-flex\">\n<div class=\"wp-block-column is-layout-flow wp-block-column-is-layout-flow\">\n<h3 class=\"wp-block-heading\">Equipe Analyse Complexe et G\u00e9om\u00e9trie<\/h3>\n\n\n\n<p><strong>Responsable d\u2019\u00e9quipe&nbsp;: <\/strong><a href=\"http:\/\/webusers.imj-prg.fr\/~bram.petri\/\">Bram Petri<\/a><\/p>\n\n\n\n<p><strong>Responsable<\/strong> <strong>adjoint : <\/strong><a href=\"https:\/\/sites.google.com\/site\/totatdatmath\/home\">Tat Dat T\u00f4<\/a><\/p>\n\n\n\n<p><strong>Gestionnaire : <\/strong>Julienne Passave<\/p>\n\n\n\n<p>Adresse postale&nbsp;:<br>IMJ-PRG &#8211; UMR7586<br>Universit\u00e9 Pierre et Marie Curie<br>Boite courrier 247<br>Couloir 16-26 5e \u00e9tage<br>4 place Jussieu, 75252 Paris Cedex 05<\/p>\n<\/div>\n\n\n\n<div class=\"wp-block-column is-layout-flow wp-block-column-is-layout-flow\">\n<h3 class=\"wp-block-heading\"><a href=\"https:\/\/www.imj-prg.fr\/gestion\/evenement\/affEvenement\/56\">S\u00e9minaire d\u2019Analyse et G\u00e9om\u00e9trie<\/a><br><br><a href=\"https:\/\/www.imj-prg.fr\/gestion\/evenement\/affEvenement\/77\">S\u00e9minaire G\u00e9om\u00e9tries et Topologie<\/a><\/h3>\n\n\n\n<p><strong>Colloques&nbsp;:<\/strong><br><a href=\"https:\/\/notendur.hi.is\/~biard\/conference.html\">Colloque en l&rsquo;honneur de A. Iordan et J. Cao (31 mars 2020)<\/a><br><a href=\"http:\/\/www.imj-prg.fr\/acg\/colloque-a-la-memoire-de-g-henkin-11-et-12-decembre-2017\">Colloque \u00e0 la m\u00e9moire de G. Henkin (11 et 12 d\u00e9cembre 2017)<\/a>,<br><a href=\"http:\/\/www.imj-prg.fr\/static\/acg\/semi\/semi.html\">Journ\u00e9e d\u2019Analyse Complexe et G\u00e9om\u00e9trie (juin 2014)<\/a>,<br><a href=\"https:\/\/www.imj-prg.fr\/static\/acg\/semi\/ColloqueDolbeault2014\/ColloqueDolbeault.html\">Colloque Dolbeault (juin 2014)<\/a>,<br><a href=\"http:\/\/www.imj-prg.fr\/static\/acg\/semi\/evenements\/2006\/henkin\/\">Colloque Henkin (juin 2007)<\/a>,<br><a href=\"http:\/\/www.imj-prg.fr\/static\/acg\/semi\/evenements\/2005colloque.skoda\/index.html\">Colloque Skoda (2005)<\/a>,<br><a href=\"http:\/\/www.imj-prg.fr\/static\/acg\/semi\/evenements\/2004SemestreIHP\/SemestreIHP.htm\">Semestre \u00e0 l\u2019IHP (2003-2004)<\/a><\/p>\n\n\n\n<p><a href=\"http:\/\/acm.smai.emath.fr\/\">Agenda ACM des s\u00e9minaires et conf\u00e9rences<\/a><\/p>\n<\/div>\n<\/div>\n<\/div>\n\n\n\n<div class=\"wp-block-column is-layout-flow wp-block-column-is-layout-flow\" style=\"flex-basis:25%\">\n<h3 class=\"wp-block-heading\">Liens pratiques<\/h3>\n\n\n\n<p><a href=\"https:\/\/spreadsheets.google.com\/ccc?key=0AiLaGRhzbJucdGlJQTFIcGZTUWpUSjI1X1FWT0J4LUE&amp;amp;hl=en&amp;amp;invite=CIiVpfsO\">Biblioth\u00e8que de l\u2019\u00e9quipe<\/a><\/p>\n\n\n\n<p><a href=\"http:\/\/ezproxy.math-info-paris.cnrs.fr\/login?url=http:\/\/www.zbmath.org\/\">Zentralblatt extra-muros<\/a><br><a href=\"http:\/\/zmath.u-strasbg.fr\">Zentralblatt intra-muros<\/a><br><a href=\"http:\/\/ezproxy.math-info-paris.cnrs.fr\/login?url=http:\/\/ams.u-strasbg.fr\/\">MathSciNet extra-muros<\/a><br><a href=\"http:\/\/ams.u-strasbg.fr\/\">MathSciNet intra-muros<\/a><\/p>\n\n\n\n<p><a href=\"http:\/\/docelec.math-info-paris.cnrs.fr\/journaux.php\">Journaux \u00e9lectroniques<\/a><br><a href=\"http:\/\/docelec.math-info-paris.cnrs.fr\/ebooks.php\">Livres \u00e9lectroniques<\/a><br><a href=\"http:\/\/www.math-info-paris.cnrs.fr\/bibli\/\">Biblioth\u00e8que MIR<\/a><br><a href=\"http:\/\/www.numdam.org\/\">Numdam<\/a><br><a href=\"http:\/\/www.emath.fr\/\">Serveur SMAI-SMF<\/a><br><a href=\"http:\/\/smf.emath.fr\/\">Serveur SMF<\/a><br><a href=\"http:\/\/smf.emath.fr\/\">Serveur de l\u2019AMS<\/a><br>&nbsp;<\/p>\n\n\n\n<p><a href=\"http:\/\/www.ufrmath.upmc.fr\/fr\/intranet.html\">Intranet de l\u2019UFR 929<\/a><br><a href=\"http:\/\/www.ufrmath.upmc.fr\/\">UFR 929<\/a><br><a href=\"https:\/\/www.imj-prg.fr\/acces\/\">Plan du campus<\/a><br><a href=\"https:\/\/www.imj-prg.fr\/tous-les-membres\/\">Annuaire IMJ-PRG<\/a><br><a href=\"https:\/\/www.annuaire.upmc.fr\/upmc\/indexPage.upmc\">Annuaire de l\u2019universit\u00e9<\/a><br><a href=\"https:\/\/www.sorbonne-universite.fr\/\">Sorbonne Universit\u00e9<\/a><br><a href=\"https:\/\/auth.sorbonne-universite.fr\/cas\/login?service=https%3A%2F%2Fintranet.sorbonne-universite.fr%2F_authenticate%3FrequestedURL%3D%252Ffr%252Findex.html\">Intranet SU<\/a><\/p>\n<\/div>\n<\/div>\n","protected":false},"excerpt":{"rendered":"<p>Equipe Analyse Complexe et G\u00e9om\u00e9trie Responsable d\u2019\u00e9quipe&nbsp;: Bram Petri Responsable adjoint : Tat Dat T\u00f4 Gestionnaire : Julienne Passave Adresse postale&nbsp;:IMJ-PRG &#8211; UMR7586Universit\u00e9 Pierre et Marie CurieBoite courrier 247Couloir 16-26 5e \u00e9tage4 place Jussieu, 75252 Paris Cedex 05 S\u00e9minaire d\u2019Analyse et G\u00e9om\u00e9trie S\u00e9minaire G\u00e9om\u00e9tries et Topologie Colloques&nbsp;:Colloque en l&rsquo;honneur de A. Iordan et J. Cao [&hellip;]<\/p>\n","protected":false},"author":1,"featured_media":0,"parent":0,"menu_order":0,"comment_status":"closed","ping_status":"closed","template":"","meta":{"footnotes":""},"class_list":["post-50","page","type-page","status-publish","hentry"],"_links":{"self":[{"href":"https:\/\/www.imj-prg.fr\/acg\/wp-json\/wp\/v2\/pages\/50","targetHints":{"allow":["GET"]}}],"collection":[{"href":"https:\/\/www.imj-prg.fr\/acg\/wp-json\/wp\/v2\/pages"}],"about":[{"href":"https:\/\/www.imj-prg.fr\/acg\/wp-json\/wp\/v2\/types\/page"}],"author":[{"embeddable":true,"href":"https:\/\/www.imj-prg.fr\/acg\/wp-json\/wp\/v2\/users\/1"}],"replies":[{"embeddable":true,"href":"https:\/\/www.imj-prg.fr\/acg\/wp-json\/wp\/v2\/comments?post=50"}],"version-history":[{"count":18,"href":"https:\/\/www.imj-prg.fr\/acg\/wp-json\/wp\/v2\/pages\/50\/revisions"}],"predecessor-version":[{"id":123,"href":"https:\/\/www.imj-prg.fr\/acg\/wp-json\/wp\/v2\/pages\/50\/revisions\/123"}],"wp:attachment":[{"href":"https:\/\/www.imj-prg.fr\/acg\/wp-json\/wp\/v2\/media?parent=50"}],"curies":[{"name":"wp","href":"https:\/\/api.w.org\/{rel}","templated":true}]}}