{"id":108,"date":"2020-12-16T11:04:40","date_gmt":"2020-12-16T10:04:40","guid":{"rendered":"http:\/\/dev.imj-prg.fr\/doctorants\/?page_id=108"},"modified":"2020-12-16T11:05:57","modified_gmt":"2020-12-16T10:05:57","slug":"saisie-des-notes","status":"publish","type":"page","link":"https:\/\/www.imj-prg.fr\/doctorants\/saisie-des-notes\/","title":{"rendered":"Saisie des notes"},"content":{"rendered":"\n<p>Pour avoir acc\u00e8s aux informations concernant vos groupes de TD (liste de noms, trombinoscope, fichier excel et saisie informatique des notes), il faut aller sur le site&nbsp;:<\/p>\n\n\n\n<p><a href=\"https:\/\/etu.math.upmc.fr\/math\/\">https:\/\/etu.math.upmc.fr\/math\/<\/a><\/p>\n\n\n\n<p>Votre identifiant est votre num\u00e9ro d\u2019\u00e9tudiant, votre mot de passe vous aura \u00e9t\u00e9 fourni lors de votre inscription administrative.<\/p>\n","protected":false},"excerpt":{"rendered":"<p>Pour avoir acc\u00e8s aux informations concernant vos groupes de TD (liste de noms, trombinoscope, fichier excel et saisie informatique des notes), il faut aller sur le site&nbsp;: https:\/\/etu.math.upmc.fr\/math\/ Votre identifiant est votre num\u00e9ro d\u2019\u00e9tudiant, votre mot de passe vous aura \u00e9t\u00e9 fourni lors de votre inscription administrative.<\/p>\n","protected":false},"author":1,"featured_media":0,"parent":0,"menu_order":0,"comment_status":"closed","ping_status":"closed","template":"","meta":{"footnotes":""},"class_list":["post-108","page","type-page","status-publish","hentry"],"_links":{"self":[{"href":"https:\/\/www.imj-prg.fr\/doctorants\/wp-json\/wp\/v2\/pages\/108","targetHints":{"allow":["GET"]}}],"collection":[{"href":"https:\/\/www.imj-prg.fr\/doctorants\/wp-json\/wp\/v2\/pages"}],"about":[{"href":"https:\/\/www.imj-prg.fr\/doctorants\/wp-json\/wp\/v2\/types\/page"}],"author":[{"embeddable":true,"href":"https:\/\/www.imj-prg.fr\/doctorants\/wp-json\/wp\/v2\/users\/1"}],"replies":[{"embeddable":true,"href":"https:\/\/www.imj-prg.fr\/doctorants\/wp-json\/wp\/v2\/comments?post=108"}],"version-history":[{"count":2,"href":"https:\/\/www.imj-prg.fr\/doctorants\/wp-json\/wp\/v2\/pages\/108\/revisions"}],"predecessor-version":[{"id":111,"href":"https:\/\/www.imj-prg.fr\/doctorants\/wp-json\/wp\/v2\/pages\/108\/revisions\/111"}],"wp:attachment":[{"href":"https:\/\/www.imj-prg.fr\/doctorants\/wp-json\/wp\/v2\/media?parent=108"}],"curies":[{"name":"wp","href":"https:\/\/api.w.org\/{rel}","templated":true}]}}