{"id":13,"date":"2020-12-11T11:15:55","date_gmt":"2020-12-11T10:15:55","guid":{"rendered":"http:\/\/dev.imj-prg.fr\/doctorants\/?page_id=13"},"modified":"2023-01-05T15:11:36","modified_gmt":"2023-01-05T14:11:36","slug":"se-loger","status":"publish","type":"page","link":"https:\/\/www.imj-prg.fr\/doctorants\/se-loger\/","title":{"rendered":"Se loger"},"content":{"rendered":"\n<h3 class=\"wp-block-heading\">Crous<\/h3>\n\n\n\n<p>Pour les personnes d\u00e9pourvues de garants personnels pour obtenir un logement, il est possible, sous certaines conditions, d\u2019avoir une aide du Crous. Toutes les informations n\u00e9cessaires sont disponibles \u00e0 cette adresse\u00a0:<\/p>\n\n\n\n<p><a href=\"https:\/\/www.lokaviz.fr\/n\/a-qui-s-adresse-la-cle\/n:473\">https:\/\/www.lokaviz.fr\/n\/a-qui-s-adresse-la-cle\/n:473<\/a><\/p>\n\n\n\n<h3 class=\"wp-block-heading\">Cit\u00e9 Universitaire<\/h3>\n\n\n\n<p>Il existe des logements \u00e0 tarif pr\u00e9f\u00e9rentiel \u00e0 la cit\u00e9 universitaire. Pour toute demande ou inscription, merci  de contacter par email :  Sciences-DFIPVE-BMI-Logements [at] sorbonne-universite.fr <\/p>\n\n\n\n<p>Le site : <a href=\"http:\/\/www.ciup.fr\/\">http:\/\/www.ciup.fr\/<\/a><\/p>\n","protected":false},"excerpt":{"rendered":"<p>Crous Pour les personnes d\u00e9pourvues de garants personnels pour obtenir un logement, il est possible, sous certaines conditions, d\u2019avoir une aide du Crous. Toutes les informations n\u00e9cessaires sont disponibles \u00e0 cette adresse\u00a0: https:\/\/www.lokaviz.fr\/n\/a-qui-s-adresse-la-cle\/n:473 Cit\u00e9 Universitaire Il existe des logements \u00e0 tarif pr\u00e9f\u00e9rentiel \u00e0 la cit\u00e9 universitaire. Pour toute demande ou inscription, merci de contacter par [&hellip;]<\/p>\n","protected":false},"author":1,"featured_media":0,"parent":0,"menu_order":0,"comment_status":"closed","ping_status":"closed","template":"","meta":{"footnotes":""},"class_list":["post-13","page","type-page","status-publish","hentry"],"_links":{"self":[{"href":"https:\/\/www.imj-prg.fr\/doctorants\/wp-json\/wp\/v2\/pages\/13","targetHints":{"allow":["GET"]}}],"collection":[{"href":"https:\/\/www.imj-prg.fr\/doctorants\/wp-json\/wp\/v2\/pages"}],"about":[{"href":"https:\/\/www.imj-prg.fr\/doctorants\/wp-json\/wp\/v2\/types\/page"}],"author":[{"embeddable":true,"href":"https:\/\/www.imj-prg.fr\/doctorants\/wp-json\/wp\/v2\/users\/1"}],"replies":[{"embeddable":true,"href":"https:\/\/www.imj-prg.fr\/doctorants\/wp-json\/wp\/v2\/comments?post=13"}],"version-history":[{"count":5,"href":"https:\/\/www.imj-prg.fr\/doctorants\/wp-json\/wp\/v2\/pages\/13\/revisions"}],"predecessor-version":[{"id":354,"href":"https:\/\/www.imj-prg.fr\/doctorants\/wp-json\/wp\/v2\/pages\/13\/revisions\/354"}],"wp:attachment":[{"href":"https:\/\/www.imj-prg.fr\/doctorants\/wp-json\/wp\/v2\/media?parent=13"}],"curies":[{"name":"wp","href":"https:\/\/api.w.org\/{rel}","templated":true}]}}