{"id":68,"date":"2020-12-11T13:34:39","date_gmt":"2020-12-11T12:34:39","guid":{"rendered":"http:\/\/dev.imj-prg.fr\/doctorants\/?page_id=68"},"modified":"2020-12-11T13:34:39","modified_gmt":"2020-12-11T12:34:39","slug":"la-recherche-de-post-doc","status":"publish","type":"page","link":"https:\/\/www.imj-prg.fr\/doctorants\/la-recherche-de-post-doc\/","title":{"rendered":"La recherche de post-doc"},"content":{"rendered":"\n<p>Vous arrivez en derni\u00e8re ann\u00e9e de th\u00e8se, c\u2019est la derni\u00e8re ligne droite&nbsp;! Mais apr\u00e8s&nbsp;? Que faire&nbsp;? Cette page donne des indications, conseils et autres astuces pour chercher (et trouver&nbsp;!) un post-doc.<\/p>\n\n\n\n<p>Il y a plusieurs fa\u00e7on d\u2019apprendre qu\u2019il y a un poste de libre&nbsp;:<\/p>\n\n\n\n<ul class=\"wp-block-list\"><li>par des canaux priv\u00e9s (typiquement le responsable du poste envoie un mail \u00e0 ses coll\u00e8gues qui le renvoient, ou pas, et l\u2019offre arrive dans votre bo\u00eete mail)<\/li><li>par divers sites, comme la classique <a href=\"https:\/\/www.galaxie.enseignementsup-recherche.gouv.fr\/ensup\/cand_qualification_droit_commun.htm\">Galaxie<\/a> de l\u2019ESR. Le plus important est <a href=\"https:\/\/www.mathjobs.org\/jobs\">Mathjobs<\/a> (il est conseill\u00e9 de s\u2019y connecter tr\u00e8s fr\u00e9quemment jusqu\u2019\u00e0 satisfaction&#8230;) mais tous les postes ne sont pas dessus. Il existe des banques pour les postdocs <a href=\"https:\/\/www.jobs.ac.uk\/\">anglo-saxons<\/a> (il est arriv\u00e9 que des postdocs \u00e0 Oxford pr\u00e9sents sur ce site ne soient pas r\u00e9f\u00e9renc\u00e9s sur Mathjobs) ou <a href=\"https:\/\/euro-math-soc.eu\/jobs\">europ\u00e9ens<\/a> (il semblerait que les europ\u00e9ens diffusent g\u00e9n\u00e9ralement aussi sur mathjobs).<\/li><li>par des canaux sp\u00e9cifiques \u00e0 la discipline. Il existe un site consacr\u00e9 aux postes en analyse g\u00e9om\u00e9trique (URL perdue dans les limbes), un site en <a href=\"http:\/\/www.iamp.org\/page.php?page=page_positions\">math-physique<\/a> et sans doute pleins d\u2019autres (n\u2019h\u00e9sitez pas \u00e0 les donner au BDD pour compl\u00e9ter cette liste).<\/li><li>par les camarades. N\u2019h\u00e9sitez pas \u00e0 discuter avec elleux et \u00e0 partager vos trouvailles.<\/li><\/ul>\n\n\n\n<p>Concernant le format de la candidature&nbsp;: la charpente est la m\u00eame, mais certains postes demandent de cocher des cases sp\u00e9cifiques. Voici une liste non exhaustive de points particuliers rencontr\u00e9s par les anciens&nbsp;:<\/p>\n\n\n\n<ul class=\"wp-block-list\"><li>R\u00e9diger un faire un paragraphe d\u00e9di\u00e9 sur au projet de recherche et citer explicitement des chercheurs qui pourraient collaborer au projet&nbsp;;<\/li><li>R\u00e9diger un projet d\u2019int\u00e9gration dans l\u2019\u00e9quipe, (ce qui implique d\u2019expliquer pourquoi la recherche de l\u2019\u00e9quipe concorde avec celle du candidat)&nbsp;;<\/li><li>Expliquer dans le projet de recherche quelles responsabilit\u00e9s administratives la candidate ou le candidat serait pr\u00eat \u00e0 prendre.<\/li><\/ul>\n\n\n\n<p>Il est donc conseill\u00e9 d\u2019avoir un projet vanille et de rajouter de la framboise selon les demandes du poste. Dans tous les cas n\u2019h\u00e9sitez pas \u00e0 candidater, il n\u2019y a d\u00e9j\u00e0 pas beaucoup de poste, l\u2019auto-censure est donc \u00e0 proscrire.<\/p>\n\n\n\n<p>Aussi&nbsp;:<\/p>\n\n\n\n<ul class=\"wp-block-list\"><li>n\u2019h\u00e9sitez pas \u00e0 <em>\u201csecouer le cocotier\u201d<\/em> des directeurices de th\u00e8se et de leurs coll\u00e8gues. Iel sera ravi de vous trouver un postdoc et son r\u00e9seau est l\u00e0 pour \u00e7a&nbsp;;<\/li><li>il est tr\u00e8s fortement recommand\u00e9 de s\u2019assurer d\u2019un soutien local en contactant des membres du laboratoire lan\u00e7ant l\u2019appel&nbsp;; soit directement, soit via votre directeurice, afin de les informer de votre candidature et d\u2019essayer de les y int\u00e9resser.<\/li><li>augmenter votre visibilit\u00e9 dans le monde de la recherche&nbsp;: en ligne, par un site web personnel et une page researchgate, mais aussi hors-ligne en participant \u00e0 des conf\u00e9rences dans votre domaines et en donnant des s\u00e9minaires par exemple&nbsp;;<\/li><li>certains postes n\u2019apparaissent que sur les sites des universit\u00e9s en question n\u2019h\u00e9sitez pas \u00e0 aller voir directement aupr\u00e8s d\u2019universit\u00e9s vous int\u00e9ressant&nbsp;;<\/li><li>il existe des bourses nationales de recherche qui sont un peu hors circuit mais peuvent aider&nbsp;;<\/li><li>pour les agr\u00e9g\u00e9s, pensez aux AGPR (poste de pr\u00e9parateur au concours).<\/li><\/ul>\n\n\n\n<p>L\u2019ingr\u00e9dient principal d\u2019un dossier est (malheureusement) les lettres de recommandation. Il faut en fournir obligatoirement une de la directeurice de th\u00e8se plus, souvent, deux suppl\u00e9mentaires (avec une pointure du domaine si possible). Le plus gros triage aura lieu sur \u00e7a. Donc commencez d\u00e8s maintenant \u00e0 travailler votre r\u00e9seau professionnel, et n\u2019h\u00e9sitez pas \u00e0 demander. Les chercheurs et chercheuses comprennent que cela fait partie du jeu. Soyez cependant conscient.e.s que les stars ont l\u2019habitude d\u2019\u00eatre sollicit\u00e9.e.s, et que n\u2019accepteront que les personnes connaissant bien votre travail.<\/p>\n\n\n\n<p>Et pour conclure&nbsp;: ne vous d\u00e9couragez pas. Un.e candidat.e essuie souvent beaucoup de refus avant une r\u00e9ponse positive. Armez-vous de patience, de t\u00e9nacit\u00e9 et d\u2019optimisme.<\/p>\n","protected":false},"excerpt":{"rendered":"<p>Vous arrivez en derni\u00e8re ann\u00e9e de th\u00e8se, c\u2019est la derni\u00e8re ligne droite&nbsp;! Mais apr\u00e8s&nbsp;? Que faire&nbsp;? Cette page donne des indications, conseils et autres astuces pour chercher (et trouver&nbsp;!) un post-doc. Il y a plusieurs fa\u00e7on d\u2019apprendre qu\u2019il y a un poste de libre&nbsp;: par des canaux priv\u00e9s (typiquement le responsable du poste envoie un [&hellip;]<\/p>\n","protected":false},"author":1,"featured_media":0,"parent":0,"menu_order":0,"comment_status":"closed","ping_status":"closed","template":"","meta":{"footnotes":""},"class_list":["post-68","page","type-page","status-publish","hentry"],"_links":{"self":[{"href":"https:\/\/www.imj-prg.fr\/doctorants\/wp-json\/wp\/v2\/pages\/68","targetHints":{"allow":["GET"]}}],"collection":[{"href":"https:\/\/www.imj-prg.fr\/doctorants\/wp-json\/wp\/v2\/pages"}],"about":[{"href":"https:\/\/www.imj-prg.fr\/doctorants\/wp-json\/wp\/v2\/types\/page"}],"author":[{"embeddable":true,"href":"https:\/\/www.imj-prg.fr\/doctorants\/wp-json\/wp\/v2\/users\/1"}],"replies":[{"embeddable":true,"href":"https:\/\/www.imj-prg.fr\/doctorants\/wp-json\/wp\/v2\/comments?post=68"}],"version-history":[{"count":1,"href":"https:\/\/www.imj-prg.fr\/doctorants\/wp-json\/wp\/v2\/pages\/68\/revisions"}],"predecessor-version":[{"id":69,"href":"https:\/\/www.imj-prg.fr\/doctorants\/wp-json\/wp\/v2\/pages\/68\/revisions\/69"}],"wp:attachment":[{"href":"https:\/\/www.imj-prg.fr\/doctorants\/wp-json\/wp\/v2\/media?parent=68"}],"curies":[{"name":"wp","href":"https:\/\/api.w.org\/{rel}","templated":true}]}}