{"id":26,"date":"2020-12-17T11:36:40","date_gmt":"2020-12-17T10:36:40","guid":{"rendered":"http:\/\/dev.imj-prg.fr\/grg\/?page_id=26"},"modified":"2024-12-11T15:30:39","modified_gmt":"2024-12-11T14:30:39","slug":"bibliotheque","status":"publish","type":"page","link":"https:\/\/www.imj-prg.fr\/grg\/bibliotheque\/","title":{"rendered":"Biblioth\u00e8que"},"content":{"rendered":"\n<h3 class=\"wp-block-heading\">Biblioth\u00e8que commune aux projets \u00ab\u00a0GRG\u00a0\u00bb et \u00ab\u00a0FA\u00a0\u00bb<\/h3>\n\n\n\n<p><strong>Localisation<\/strong> : en cours de r\u00e9installation&nbsp;!<\/p>\n\n\n\n<p><strong>Acc\u00e8s au catalogue<\/strong> : <a href=\"https:\/\/www.imj-prg.fr\/grg\/php\/biblio\/\">ici<\/a>.<\/p>\n\n\n\n<p>Les membres du projet \u00ab\u00a0Groupes, repr\u00e9sentations et g\u00e9om\u00e9trie\u00a0\u00bb et leurs \u00e9tudiants en th\u00e8se peuvent librement emprunter les ouvrages de la biblioth\u00e8que.<br>Un \u00e9tudiant en ann\u00e9e de M2 sous la direction d&rsquo;un membre du projet utilise la biblioth\u00e8que sous la responsabilit\u00e9 de ce dernier.<br>Un recolement s&rsquo;effectue chaque ann\u00e9e en janvier.<\/p>\n\n\n\n<hr class=\"wp-block-separator has-css-opacity\"\/>\n\n\n\n<h3 class=\"wp-block-heading\"><strong>Respectez ces consignes<\/strong><\/h3>\n\n\n\n<p><strong>Emprunt<\/strong><br>Remplissez la fiche fant\u00f4me.<br>Placez-la, bascul\u00e9e horizontalement, \u00e0 la place du livre emprunt\u00e9.<br>Donn\u00e9es du livre visibles.<\/p>\n\n\n\n<p><strong>Restitution<\/strong><br>Indiquez la date de restitution sur la fiche fant\u00f4me.<br>Placez cette fiche \u00e0 l\u2019int\u00e9rieur du livre.<br>Rangez le livre \u00e0 sa place exacte.<\/p>\n\n\n\n<p><strong>Consultation<\/strong><br>Veillez toujours \u00e0 pr\u00e9server le rangement des livres.<br>Utilisez les fiches roses comme rep\u00e8re, si n\u00e9cessaire.<\/p>\n\n\n\n<p><strong>Pr\u00e9caution<\/strong><br>NE RANGEZ JAMAIS UN LIVRE D\u00c9POURVU DE FICHE FANT\u00d4ME<br>Donnez le \u00e0 Jos\u00e9e Reyno.<\/p>\n\n\n\n<figure class=\"wp-block-image\"><img decoding=\"async\" src=\"https:\/\/www.imj-prg.fr\/grg\/images\/worm1.gif\" alt=\"vers num\u00e9ro 1\" title=\"vers 1\"\/><\/figure>\n\n\n\n<figure class=\"wp-block-image\"><img decoding=\"async\" src=\"https:\/\/www.imj-prg.fr\/grg\/images\/worm2.gif\" alt=\"vers num\u00e9ro 2\" title=\"vers 2\"\/><\/figure>\n\n\n\n<figure class=\"wp-block-image\"><img decoding=\"async\" src=\"https:\/\/www.imj-prg.fr\/grg\/images\/worm3.gif\" alt=\"vers num\u00e9ro 3\" title=\"vers 3\"\/><\/figure>\n\n\n\n<hr class=\"wp-block-separator has-css-opacity\"\/>\n\n\n\n<h3 class=\"wp-block-heading\">P\u00e9riodiques en acc\u00e8s r\u00e9serv\u00e9<\/h3>\n\n\n\n<p>Ils sont accessibles aux utilisateurs des deux biblioth\u00e8ques <a href=\"http:\/\/www.math-info-paris.cnrs.fr\/bibli\/\">MIR-Paris<\/a>&nbsp;: <a href=\"http:\/\/docelec.math-info-paris.cnrs.fr\/journaux\">ici<\/a>.<\/p>\n\n\n\n<h3 class=\"wp-block-heading\">P\u00e9riodiques en acc\u00e8s libre<\/h3>\n\n\n\n<ul class=\"wp-block-list\">\n<li><a href=\"http:\/\/www.numdam.org\/numdam-bin\/feuilleter?j=AIF\">Annales de l&rsquo;institut Fourier<\/a>\u00a0: jusqu&rsquo;\u00e0 2006 (abonn\u00e9s de 2007 \u00e0 2010)\u00a0;<\/li>\n\n\n\n<li><a href=\"http:\/\/www.numdam.org\/numdam-bin\/feuilleter?j=AIHPC\">Annales de l&rsquo;institut Henri Poincar\u00e9 (C)<\/a>\u00a0: jusqu&rsquo;\u00e0 2006 (abonn\u00e9s de 2007 \u00e0 2009)\u00a0;<\/li>\n\n\n\n<li><a href=\"http:\/\/www.numdam.org\/numdam-bin\/feuilleter?j=ASENS\">Annales scientifiques de l&rsquo;\u00c9cole Normale Sup\u00e9rieure<\/a>\u00a0: jusqu&rsquo;\u00e0 2006 (abonn\u00e9s avec l&rsquo;ann\u00e9e 2007)\u00a0;<\/li>\n\n\n\n<li><a href=\"http:\/\/smf.emath.fr\/Publications\/Bulletin\/\">Bulletin de la Soci\u00e9t\u00e9 Math\u00e9matique de France<\/a>\u00a0: jusqu&rsquo;\u00e0 2006 (abonn\u00e9s de 2007 \u00e0 2012)\u00a0;<\/li>\n\n\n\n<li><a href=\"http:\/\/www.ams.org\/jourcgi\/jrnl_toolbar_nav\/bull_all\">Bulletin of the American Mathematical Society<\/a>\u00a0: jusqu&rsquo;\u00e0 2012\u00a0;<\/li>\n\n\n\n<li><a href=\"http:\/\/www.academie-sciences.fr\/activite\/archive\/ressource.htm\">Comptes Rendus de l&rsquo;Acad\u00e9mie des Sciences &#8211; S\u00e9rie 1 &#8211; Math\u00e9matiques<\/a>\u00a0: de 1981 \u00e0 1996 (<a href=\"http:\/\/www.sciencedirect.com\/science\/journal\/07644442\">abonn\u00e9s<\/a> de 1997 \u00e0 2012)\u00a0;<\/li>\n\n\n\n<li><a href=\"http:\/\/smf.emath.fr\/Publications\/Gazette\/\">Gazette des Math\u00e9maticiens<\/a>\u00a0: de juillet 1993 \u00e0 2012 sauf les num\u00e9ros 67 \u00e0 73\u00a0;<\/li>\n\n\n\n<li><a href=\"http:\/\/www.ams.org\/notices\/201211\/\">Notices of the American Mathematical Society<\/a>\u00a0: de 1995 \u00e0 2012 (\u00e0 partir du menu d\u00e9roulant en haut).<\/li>\n<\/ul>\n\n\n\n<hr class=\"wp-block-separator has-css-opacity\"\/>\n\n\n\n<p>Derni\u00e8re mise \u00e0 jour le 17 d\u00e9cembre 2020.<br><\/p>\n\n\n\n<hr class=\"wp-block-separator\" id=\"ligne-pied\"\/>\n","protected":false},"excerpt":{"rendered":"<p>Biblioth\u00e8que commune aux projets \u00ab\u00a0GRG\u00a0\u00bb et \u00ab\u00a0FA\u00a0\u00bb Localisation : en cours de r\u00e9installation&nbsp;! Acc\u00e8s au catalogue : ici. Les membres du projet \u00ab\u00a0Groupes, repr\u00e9sentations et g\u00e9om\u00e9trie\u00a0\u00bb et leurs \u00e9tudiants en th\u00e8se peuvent librement emprunter les ouvrages de la biblioth\u00e8que.Un \u00e9tudiant en ann\u00e9e de M2 sous la direction d&rsquo;un membre du projet utilise la biblioth\u00e8que sous [&hellip;]<\/p>\n","protected":false},"author":1,"featured_media":0,"parent":0,"menu_order":0,"comment_status":"closed","ping_status":"closed","template":"","meta":{"footnotes":""},"class_list":["post-26","page","type-page","status-publish","hentry"],"_links":{"self":[{"href":"https:\/\/www.imj-prg.fr\/grg\/wp-json\/wp\/v2\/pages\/26","targetHints":{"allow":["GET"]}}],"collection":[{"href":"https:\/\/www.imj-prg.fr\/grg\/wp-json\/wp\/v2\/pages"}],"about":[{"href":"https:\/\/www.imj-prg.fr\/grg\/wp-json\/wp\/v2\/types\/page"}],"author":[{"embeddable":true,"href":"https:\/\/www.imj-prg.fr\/grg\/wp-json\/wp\/v2\/users\/1"}],"replies":[{"embeddable":true,"href":"https:\/\/www.imj-prg.fr\/grg\/wp-json\/wp\/v2\/comments?post=26"}],"version-history":[{"count":3,"href":"https:\/\/www.imj-prg.fr\/grg\/wp-json\/wp\/v2\/pages\/26\/revisions"}],"predecessor-version":[{"id":59,"href":"https:\/\/www.imj-prg.fr\/grg\/wp-json\/wp\/v2\/pages\/26\/revisions\/59"}],"wp:attachment":[{"href":"https:\/\/www.imj-prg.fr\/grg\/wp-json\/wp\/v2\/media?parent=26"}],"curies":[{"name":"wp","href":"https:\/\/api.w.org\/{rel}","templated":true}]}}