{"id":14,"date":"2020-06-18T11:29:00","date_gmt":"2020-06-18T09:29:00","guid":{"rendered":"http:\/\/dev.imj-prg.fr\/tga\/?page_id=14"},"modified":"2023-12-06T11:58:46","modified_gmt":"2023-12-06T10:58:46","slug":"presentation","status":"publish","type":"page","link":"https:\/\/www.imj-prg.fr\/tga\/presentation\/","title":{"rendered":"Pr\u00e9sentation de l&rsquo;\u00e9quipe TGA"},"content":{"rendered":"\n<div class=\"wp-block-media-text alignwide is-stacked-on-mobile is-vertically-aligned-center\" style=\"grid-template-columns:48% auto\"><figure class=\"wp-block-media-text__media\"><img loading=\"lazy\" decoding=\"async\" width=\"620\" height=\"331\" src=\"https:\/\/www.imj-prg.fr\/tga\/wp-content\/uploads\/sites\/12\/2023\/11\/tga-tableau.png\" alt=\"\" class=\"wp-image-202 size-full\" srcset=\"https:\/\/www.imj-prg.fr\/tga\/wp-content\/uploads\/sites\/12\/2023\/11\/tga-tableau.png 620w, https:\/\/www.imj-prg.fr\/tga\/wp-content\/uploads\/sites\/12\/2023\/11\/tga-tableau-300x160.png 300w\" sizes=\"auto, (max-width: 620px) 100vw, 620px\" \/><\/figure><div class=\"wp-block-media-text__content\">\n<p class=\"has-normal-font-size\">L\u2019\u00e9quipe <strong>Topologie et G\u00e9om\u00e9trie Alg\u00e9brique<\/strong> (TGA) a \u00e9t\u00e9 cr\u00e9\u00e9e en 1996. \u00c0 l\u2019origine, cette \u00e9quipe s\u2019articulait autour de deux s\u00e9minaires classiques \u00e0 Jussieu, le <em>s\u00e9minaire de Topologie Alg\u00e9brique<\/em> autour de <em>Karoubi<\/em>, et le <em>s\u00e9minaire Le Potier-Peskine de G\u00e9om\u00e9trie Alg\u00e9brique<\/em>. Les topologues et les g\u00e9om\u00e8tres alg\u00e9briques ont ensuite \u00e9t\u00e9 rejoints par les g\u00e9om\u00e8tres arithm\u00e9ticiens dans les ann\u00e9es 2000. Depuis 2005, l\u2019\u00e9quipe TGA s\u2019organise donc autour de trois p\u00f4les, dont les th\u00e9matiques s\u2019intersectent largement&nbsp;: la g\u00e9om\u00e9trie alg\u00e9brique complexe, la g\u00e9om\u00e9trie arithm\u00e9tique et la topologie alg\u00e9brique.<\/p>\n<\/div><\/div>\n\n\n\n<hr class=\"wp-block-separator has-alpha-channel-opacity\" \/>\n\n\n\n<p class=\"has-text-align-left\"><em>La pr\u00e9sentation qui suit a \u00e9t\u00e9 r\u00e9dig\u00e9e en juin 2019 \u00e0 l&rsquo;occasion des 25 ans de l&rsquo;IMJ-PRG. Elle ne tient pas compte des \u00e9volutions r\u00e9centes de la composition de l&rsquo;\u00e9quipe.<\/em><\/p>\n\n\n\n<p>L\u2019\u00e9quipe est form\u00e9e de <em>21 membres permanents<\/em> et <em>6 \u00e9m\u00e9rites et b\u00e9n\u00e9voles<\/em>, une <em>quinzaine de doctorants<\/em>, r\u00e9partis sur les deux sites du laboratoire (le campus de Jussieu de Sorbonne Universit\u00e9 et le b\u00e2timent Sophie Germain de l\u2019Universit\u00e9 de Paris). Sa vie scientifique est notamment rythm\u00e9e par les deux s\u00e9minaires hebdomadaires de Topologie, et de G\u00e9om\u00e9trie Alg\u00e9brique.<\/p>\n\n\n\n<p>Voici une pr\u00e9sentation rapide des th\u00e9matiques de recherche de l\u2019\u00e9quipe&nbsp;:<\/p>\n\n\n\n<ul class=\"wp-block-list\">\n<li>En g\u00e9om\u00e9trie alg\u00e9brique complexe, Olivier Debarre, Fr\u00e9d\u00e9ric Han et Claire Voisin travaillent sur la th\u00e9orie de Hodge, en lien avec les cycles alg\u00e9briques et la topologie des vari\u00e9t\u00e9s alg\u00e9briques complexes. Ils s\u2019int\u00e9ressent particuli\u00e8rement aux vari\u00e9t\u00e9s sp\u00e9ciales (Fano, Calabi-Yau, hyperk\u00e4hleriennes) et aux espaces de modules. Gentiana Danila, Jean-Marc Dr\u00e9zet et G\u00e9rard Freixas s\u2019int\u00e9ressent \u00e9galement aux espaces de modules et aux fibr\u00e9s vectoriels, ainsi qu\u2019aux quotients de vari\u00e9t\u00e9s alg\u00e9briques par des groupes non r\u00e9ductifs pour le second. Laurent Koelblen et Christian Peskine travaillent en collaboration sur les vari\u00e9t\u00e9s projectives lisses sp\u00e9ciales et la g\u00e9om\u00e9trie des espaces de Pl\u00fccker. Enfin, Lionel Darondeau est un sp\u00e9cialiste des probl\u00e8mes d&rsquo;hyperbolicit\u00e9. <\/li>\n\n\n\n<li>Alessandro Chiodo, G\u00e9rard Freixas, Elba Garc\u00eda Failde et Vincent Maillot \u00e9tudient les espaces de modules de courbes, les invariants de Gromov-Witten et la sym\u00e9trie miroir en g\u00e9om\u00e9trie alg\u00e9brique. Gerard Freixas et Vincent Maillot, ainsi qu\u2019Antoine Chambert-Loir, travaillent \u00e9galement en g\u00e9om\u00e9trie arithm\u00e9tique, en particulier en g\u00e9om\u00e9trie d\u2019Arakelov (fonctions L, th\u00e9orie de l\u2019indice, g\u00e9om\u00e9trie spectrale, \u00e9quidistribution\u2026).<\/li>\n\n\n\n<li>La g\u00e9om\u00e9trie analytique non archim\u00e9dienne et les espaces de Berkovich (fondements de la th\u00e9orie, formes et courants dans le contexte non archim\u00e9dien) sont \u00e9galement bien repr\u00e9sent\u00e9s dans l\u2019\u00e9quipe, avec Antoine Chambert-Loir, Antoine Ducros, Emmanuel Lepage et Marco Maculan. Par ailleurs, Emmanuel Lepage travaille \u00e9galement sur la g\u00e9om\u00e9trie anab\u00e9lienne.<\/li>\n\n\n\n<li>L\u2019\u00e9tude des points rationnels des vari\u00e9t\u00e9s alg\u00e9briques (principe local-global, estimations asymptotiques du nombre de points&#8230;) fait partie des centres d\u2019int\u00e9r\u00eat d\u2019Antoine Chambert-Loir et de Cyril Demarche. Ce dernier et Mathieu Florence -lequel contribue aussi \u00e0 l\u2019\u00e9tude des repr\u00e9sentations galoisiennes- s\u2019int\u00e9ressent \u00e9galement aux groupes alg\u00e9briques, et aux objets associ\u00e9s (formes quadratiques, alg\u00e8bres centrales simples), en lien avec la cohomologie galoisienne.<\/li>\n\n\n\n<li>Zoghman Mebkhout travaille sur la cohomologie de de Rham <em>p<\/em>-adique et les \u00e9quations diff\u00e9rentielles <em>p<\/em>-adiques.<\/li>\n\n\n\n<li>Du c\u00f4t\u00e9 de la topologie, Najib Idrissi, Yves Guiraud, Jean Lannes, Christian Leruste et Muriel Livernet s\u2019int\u00e9ressent particuli\u00e8rement \u00e0 l\u2019alg\u00e8bre homologique et la topologie alg\u00e9brique, et notamment aux op\u00e9rations de Steenrod, \u00e0 la th\u00e9orie de l\u2019homotopie (rationnelle, alg\u00e9brique et combinatoire), \u00e0 la th\u00e9orie des op\u00e9rades et \u00e0 la r\u00e9\u00e9criture, et aux espaces de plongement.<\/li>\n\n\n\n<li>Christian Blanchet, Catherine Gille, Gregor Masbaum, Pierre Vogel et Emmanuel Wagner travaillent quant \u00e0 eux sur la topologie en petites dimensions, sur les invariants des noeuds et graphes, la th\u00e9orie quantique des champs topologiques, la cat\u00e9gorification et l\u2019homologie de Khovanov. La K-th\u00e9orie alg\u00e9brique est \u00e9galement pr\u00e9sente dans l\u2019\u00e9quipe, notamment gr\u00e2ce aux travaux de Pierre Vogel.<\/li>\n<\/ul>\n\n\n\n<hr class=\"wp-block-separator has-alpha-channel-opacity\" \/>\n\n\n\n<p>En septembre 2019, \u00e0 l\u2019occasion des 25 ans de l\u2019IMJ-PRG, l\u2019\u00e9quipe TGA a pr\u00e9sent\u00e9 un poster qui parcourt l\u2019histoire de la cohomologie. Sans nul doute, il s\u2019agit de l\u2019outil math\u00e9matique qui nous repr\u00e9sente le mieux.<\/p>\n\n\n<div class=\"wp-block-image\">\n<figure class=\"aligncenter size-full is-resized\"><a href=\"https:\/\/www.imj-prg.fr\/tga\/wp-content\/uploads\/sites\/12\/2020\/12\/poster.pdf\"><img loading=\"lazy\" decoding=\"async\" width=\"764\" height=\"1080\" src=\"https:\/\/www.imj-prg.fr\/tga\/wp-content\/uploads\/sites\/12\/2023\/11\/poster.jpg\" alt=\"\" class=\"wp-image-118\" style=\"aspect-ratio:1.7777777777777777;object-fit:cover;width:767px;height:auto\" srcset=\"https:\/\/www.imj-prg.fr\/tga\/wp-content\/uploads\/sites\/12\/2023\/11\/poster.jpg 764w, https:\/\/www.imj-prg.fr\/tga\/wp-content\/uploads\/sites\/12\/2023\/11\/poster-212x300.jpg 212w, https:\/\/www.imj-prg.fr\/tga\/wp-content\/uploads\/sites\/12\/2023\/11\/poster-724x1024.jpg 724w\" sizes=\"auto, (max-width: 764px) 100vw, 764px\" \/><\/a><\/figure>\n<\/div>","protected":false},"excerpt":{"rendered":"<p>L\u2019\u00e9quipe Topologie et G\u00e9om\u00e9trie Alg\u00e9brique (TGA) a \u00e9t\u00e9 cr\u00e9\u00e9e en 1996. \u00c0 l\u2019origine, cette \u00e9quipe s\u2019articulait autour de deux s\u00e9minaires classiques \u00e0 Jussieu, le s\u00e9minaire de Topologie Alg\u00e9brique autour de Karoubi, et le s\u00e9minaire Le Potier-Peskine de G\u00e9om\u00e9trie Alg\u00e9brique. Les topologues et les g\u00e9om\u00e8tres alg\u00e9briques ont ensuite \u00e9t\u00e9 rejoints par les g\u00e9om\u00e8tres arithm\u00e9ticiens dans les [&hellip;]<\/p>\n","protected":false},"author":1,"featured_media":0,"parent":0,"menu_order":0,"comment_status":"closed","ping_status":"closed","template":"","meta":{"footnotes":""},"class_list":["post-14","page","type-page","status-publish","hentry"],"_links":{"self":[{"href":"https:\/\/www.imj-prg.fr\/tga\/wp-json\/wp\/v2\/pages\/14","targetHints":{"allow":["GET"]}}],"collection":[{"href":"https:\/\/www.imj-prg.fr\/tga\/wp-json\/wp\/v2\/pages"}],"about":[{"href":"https:\/\/www.imj-prg.fr\/tga\/wp-json\/wp\/v2\/types\/page"}],"author":[{"embeddable":true,"href":"https:\/\/www.imj-prg.fr\/tga\/wp-json\/wp\/v2\/users\/1"}],"replies":[{"embeddable":true,"href":"https:\/\/www.imj-prg.fr\/tga\/wp-json\/wp\/v2\/comments?post=14"}],"version-history":[{"count":18,"href":"https:\/\/www.imj-prg.fr\/tga\/wp-json\/wp\/v2\/pages\/14\/revisions"}],"predecessor-version":[{"id":249,"href":"https:\/\/www.imj-prg.fr\/tga\/wp-json\/wp\/v2\/pages\/14\/revisions\/249"}],"wp:attachment":[{"href":"https:\/\/www.imj-prg.fr\/tga\/wp-json\/wp\/v2\/media?parent=14"}],"curies":[{"name":"wp","href":"https:\/\/api.w.org\/{rel}","templated":true}]}}

Présentation de l&rsquo;équipe TGA

<div class="wp-block-media-text alignwide is-stacked-on-mobile is-vertically-aligned-center" style="grid-template-columns:48% auto"><figure class="wp-block-media-text__media"><img loading="lazy" decoding="async" width="620" height="331" src="https://www.imj-prg.fr/tga/wp-content/uploads/sites/12/2023/11/tga-tableau.png" alt="" class="wp-image-202 size-full" srcset="https://www.imj-prg.fr/tga/wp-content/uploads/sites/12/2023/11/tga-tableau.png 620w, https://www.imj-prg.fr/tga/wp-content/uploads/sites/12/2023/11/tga-tableau-300x160.png 300w" sizes="auto, (max-width: 620px) 100vw, 620px" /></figure><div class="wp-block-media-text__content">
<p class="has-normal-font-size">L’équipe <strong>Topologie et Géométrie Algébrique</strong> (TGA) a été créée en 1996. À l’origine, cette équipe s’articulait autour de deux séminaires classiques à Jussieu, le <em>séminaire de Topologie Algébrique</em> autour de <em>Karoubi</em>, et le <em>séminaire Le Potier-Peskine de Géométrie Algébrique</em>. Les topologues et les géomètres algébriques ont ensuite été rejoints par les géomètres arithméticiens dans les années 2000. Depuis 2005, l’équipe TGA s’organise donc autour de trois pôles, dont les thématiques s’intersectent largement&nbsp;: la géométrie algébrique complexe, la géométrie arithmétique et la topologie algébrique.</p>
</div></div>



<hr class="wp-block-separator has-alpha-channel-opacity" />



<p class="has-text-align-left"><em>La présentation qui suit a été rédigée en juin 2019 à l&rsquo;occasion des 25 ans de l&rsquo;IMJ-PRG. Elle ne tient pas compte des évolutions récentes de la composition de l&rsquo;équipe.</em></p>



<p>L’équipe est formée de <em>21 membres permanents</em> et <em>6 émérites et bénévoles</em>, une <em>quinzaine de doctorants</em>, répartis sur les deux sites du laboratoire (le campus de Jussieu de Sorbonne Université et le bâtiment Sophie Germain de l’Université de Paris). Sa vie scientifique est notamment rythmée par les deux séminaires hebdomadaires de Topologie, et de Géométrie Algébrique.</p>



<p>Voici une présentation rapide des thématiques de recherche de l’équipe&nbsp;:</p>



<ul class="wp-block-list">
<li>En géométrie algébrique complexe, Olivier Debarre, Frédéric Han et Claire Voisin travaillent sur la théorie de Hodge, en lien avec les cycles algébriques et la topologie des variétés algébriques complexes. Ils s’intéressent particulièrement aux variétés spéciales (Fano, Calabi-Yau, hyperkähleriennes) et aux espaces de modules. Gentiana Danila, Jean-Marc Drézet et Gérard Freixas s’intéressent également aux espaces de modules et aux fibrés vectoriels, ainsi qu’aux quotients de variétés algébriques par des groupes non réductifs pour le second. Laurent Koelblen et Christian Peskine travaillent en collaboration sur les variétés projectives lisses spéciales et la géométrie des espaces de Plücker. Enfin, Lionel Darondeau est un spécialiste des problèmes d&rsquo;hyperbolicité. </li>



<li>Alessandro Chiodo, Gérard Freixas, Elba García Failde et Vincent Maillot étudient les espaces de modules de courbes, les invariants de Gromov-Witten et la symétrie miroir en géométrie algébrique. Gerard Freixas et Vincent Maillot, ainsi qu’Antoine Chambert-Loir, travaillent également en géométrie arithmétique, en particulier en géométrie d’Arakelov (fonctions L, théorie de l’indice, géométrie spectrale, équidistribution…).</li>



<li>La géométrie analytique non archimédienne et les espaces de Berkovich (fondements de la théorie, formes et courants dans le contexte non archimédien) sont également bien représentés dans l’équipe, avec Antoine Chambert-Loir, Antoine Ducros, Emmanuel Lepage et Marco Maculan. Par ailleurs, Emmanuel Lepage travaille également sur la géométrie anabélienne.</li>



<li>L’étude des points rationnels des variétés algébriques (principe local-global, estimations asymptotiques du nombre de points&#8230;) fait partie des centres d’intérêt d’Antoine Chambert-Loir et de Cyril Demarche. Ce dernier et Mathieu Florence -lequel contribue aussi à l’étude des représentations galoisiennes- s’intéressent également aux groupes algébriques, et aux objets associés (formes quadratiques, algèbres centrales simples), en lien avec la cohomologie galoisienne.</li>



<li>Zoghman Mebkhout travaille sur la cohomologie de de Rham <em>p</em>-adique et les équations différentielles <em>p</em>-adiques.</li>



<li>Du côté de la topologie, Najib Idrissi, Yves Guiraud, Jean Lannes, Christian Leruste et Muriel Livernet s’intéressent particulièrement à l’algèbre homologique et la topologie algébrique, et notamment aux opérations de Steenrod, à la théorie de l’homotopie (rationnelle, algébrique et combinatoire), à la théorie des opérades et à la réécriture, et aux espaces de plongement.</li>



<li>Christian Blanchet, Catherine Gille, Gregor Masbaum, Pierre Vogel et Emmanuel Wagner travaillent quant à eux sur la topologie en petites dimensions, sur les invariants des noeuds et graphes, la théorie quantique des champs topologiques, la catégorification et l’homologie de Khovanov. La K-théorie algébrique est également présente dans l’équipe, notamment grâce aux travaux de Pierre Vogel.</li>
</ul>



<hr class="wp-block-separator has-alpha-channel-opacity" />



<p>En septembre 2019, à l’occasion des 25 ans de l’IMJ-PRG, l’équipe TGA a présenté un poster qui parcourt l’histoire de la cohomologie. Sans nul doute, il s’agit de l’outil mathématique qui nous représente le mieux.</p>


<div class="wp-block-image">
<figure class="aligncenter size-full is-resized"><a href="https://www.imj-prg.fr/tga/wp-content/uploads/sites/12/2020/12/poster.pdf"><img loading="lazy" decoding="async" width="764" height="1080" src="https://www.imj-prg.fr/tga/wp-content/uploads/sites/12/2023/11/poster.jpg" alt="" class="wp-image-118" style="aspect-ratio:1.7777777777777777;object-fit:cover;width:767px;height:auto" srcset="https://www.imj-prg.fr/tga/wp-content/uploads/sites/12/2023/11/poster.jpg 764w, https://www.imj-prg.fr/tga/wp-content/uploads/sites/12/2023/11/poster-212x300.jpg 212w, https://www.imj-prg.fr/tga/wp-content/uploads/sites/12/2023/11/poster-724x1024.jpg 724w" sizes="auto, (max-width: 764px) 100vw, 764px" /></a></figure>
</div>

<p>L’équipe Topologie et Géométrie Algébrique (TGA) a été créée en 1996. À l’origine, cette équipe s’articulait autour de deux séminaires classiques à Jussieu, le séminaire de Topologie Algébrique autour de Karoubi, et le séminaire Le Potier-Peskine de Géométrie Algébrique. Les topologues et les géomètres algébriques ont ensuite été rejoints par les géomètres arithméticiens dans les [&hellip;]</p>
